{"id":1199,"date":"2016-05-11T23:56:58","date_gmt":"2016-05-11T22:56:58","guid":{"rendered":"https:\/\/the7.io\/law\/?page_id=2"},"modified":"2024-03-13T15:29:18","modified_gmt":"2024-03-13T15:29:18","slug":"home-page","status":"publish","type":"page","link":"https:\/\/reloncavisurag.cl\/","title":{"rendered":"Inicio"},"content":{"rendered":"<div class=\"wpb-content-wrapper\"><p>[vc_row css=\u00bb.vc_custom_1683514379944{margin-top: 30px !important;margin-bottom: 40px !important;padding-top: 40px !important;padding-bottom: 40px !important;}\u00bb el_id=\u00bbquienes-somos\u00bb][vc_column][vc_row_inner][vc_column_inner width=\u00bb1\/6&#8243;][\/vc_column_inner][vc_column_inner width=\u00bb2\/3&#8243;]<div id=\"ultimate-heading-404569f282a52277f\" class=\"uvc-heading ult-adjust-bottom-margin ultimate-heading-404569f282a52277f uvc-9300 accent-border-color\" data-hspacer=\"line_only\"  data-halign=\"center\" style=\"text-align:center\"><div class=\"uvc-main-heading ult-responsive\"  data-ultimate-target='.uvc-heading.ultimate-heading-404569f282a52277f h2'  data-responsive-json-new='{\"font-size\":\"desktop:34px;\",\"line-height\":\"desktop:44px;\"}' ><h2 style=\"font-weight:bold;margin-bottom:15px;\">QUIENES SOMOS<\/h2><\/div><div class=\"uvc-heading-spacer line_only\" style=\"margin-bottom:45px;height:3px;\"><span class=\"uvc-headings-line\" style=\"border-style:solid;border-bottom-width:3px;border-color:;width:150px;\"><\/span><\/div><div class=\"uvc-sub-heading ult-responsive\"  data-ultimate-target='.uvc-heading.ultimate-heading-404569f282a52277f .uvc-sub-heading '  data-responsive-json-new='{\"font-size\":\"\",\"line-height\":\"\"}'  style=\"font-weight:normal;margin-bottom:40px;\"><\/p>\n<div class=\"uvc-sub-heading ult-responsive\">La Asociaci\u00f3n Gremial de Mitilicultores Estuario de Reloncav\u00ed Sur (RELONCAV\u00cf SUR AG), es una organizaci\u00f3n de acuicultores de peque\u00f1a escala dedicados a la actividad de captaci\u00f3n de semillas de choritos (mejill\u00f3n chileno) nuestra zona de captaci\u00f3n de semilla se encuentra emplazada dentro del Estuario Reloncav\u00ed, comuna de Cocham\u00f3, Regi\u00f3n de Los Lagos<\/div>\n<p><\/div><\/div>[\/vc_column_inner][vc_column_inner width=\u00bb1\/6&#8243;][\/vc_column_inner][\/vc_row_inner][vc_row_inner equal_height=\u00bbyes\u00bb content_placement=\u00bbmiddle\u00bb][vc_column_inner width=\u00bb1\/2&#8243;][vc_column_text css=\u00bb.vc_custom_1683419240927{padding-bottom: 15px !important;}\u00bb]<\/p>\n<div>Aspiramos a convertirnos en una organizaci\u00f3n Mitilicultora que aporta a mejorar las condiciones de vida, del desarrollo integral de sus asociados y comunidades locales. Aportando a la sustentabilidad, desarrollo social, econ\u00f3mico y ambiental del territorio y de la industria de la Mitilicultura, contribuyendo al desarrollo de la comuna de Cocham\u00f3 y la Regi\u00f3n de Los Lagos.<\/div>\n<p>[\/vc_column_text][\/vc_column_inner][vc_column_inner width=\u00bb1\/2&#8243;][vc_single_image image=\u00bb1566&#8243; img_size=\u00bbfull\u00bb][\/vc_column_inner][\/vc_row_inner][\/vc_column][\/vc_row][vc_row full_width=\u00bbstretch_row\u00bb css=\u00bb.vc_custom_1683514398948{margin-top: 40px !important;margin-bottom: 40px !important;padding-top: 40px !important;padding-bottom: 40px !important;background-color: #f4f4f4 !important;}\u00bb el_id=\u00bbproceso\u00bb][vc_column][vc_row_inner][vc_column_inner width=\u00bb1\/6&#8243;][\/vc_column_inner][vc_column_inner width=\u00bb2\/3&#8243;]<div id=\"ultimate-heading-462369f282a5227ae\" class=\"uvc-heading ult-adjust-bottom-margin ultimate-heading-462369f282a5227ae uvc-4546 accent-border-color\" data-hspacer=\"line_only\"  data-halign=\"center\" style=\"text-align:center\"><div class=\"uvc-main-heading ult-responsive\"  data-ultimate-target='.uvc-heading.ultimate-heading-462369f282a5227ae h2'  data-responsive-json-new='{\"font-size\":\"desktop:34px;\",\"line-height\":\"desktop:44px;\"}' ><h2 style=\"font-weight:bold;margin-bottom:15px;\">Proceso del Chorito<\/h2><\/div><div class=\"uvc-heading-spacer line_only\" style=\"margin-bottom:45px;height:3px;\"><span class=\"uvc-headings-line\" style=\"border-style:solid;border-bottom-width:3px;border-color:;width:150px;\"><\/span><\/div><\/div>[\/vc_column_inner][vc_column_inner width=\u00bb1\/6&#8243;][\/vc_column_inner][\/vc_row_inner][vc_row_inner][vc_column_inner width=\u00bb1\/5&#8243;][vc_single_image image=\u00bb1568&#8243; img_size=\u00bb\u00bb][vc_column_text css=\u00bb.vc_custom_1683510088656{padding-bottom: 15px !important;}\u00bb]<\/p>\n<div>Se cultiva el Chorito o Mejill\u00f3n en un tama\u00f1o milim\u00e9trico<\/div>\n<p>[\/vc_column_text][\/vc_column_inner][vc_column_inner width=\u00bb1\/5&#8243;][vc_single_image image=\u00bb1718&#8243; img_size=\u00bb\u00bb][vc_column_text css=\u00bb.vc_custom_1683510145822{padding-bottom: 15px !important;}\u00bb]<\/p>\n<div>Por un periodo de 3 meses se dejan en granjas marinas para su crecimiento<\/div>\n<p>[\/vc_column_text][\/vc_column_inner][vc_column_inner width=\u00bb1\/5&#8243;][vc_single_image image=\u00bb1570&#8243; img_size=\u00bb\u00bb][vc_column_text css=\u00bb.vc_custom_1683510184935{padding-bottom: 15px !important;}\u00bb]Una vez cultivados se colocan en sacos y maxisacos para su traslado[\/vc_column_text][\/vc_column_inner][vc_column_inner width=\u00bb1\/5&#8243;][vc_single_image image=\u00bb1571&#8243; img_size=\u00bb\u00bb][vc_column_text css=\u00bb.vc_custom_1683510208306{padding-bottom: 15px !important;}\u00bb]Terminado el cultivo, estos se trasladan en plataformas empujados por lanchas.[\/vc_column_text][\/vc_column_inner][vc_column_inner width=\u00bb1\/5&#8243;][vc_single_image image=\u00bb1575&#8243; img_size=\u00bb\u00bb][vc_column_text css=\u00bb.vc_custom_1683510234383{padding-bottom: 15px !important;}\u00bb]Se trasladan hasta un barco el cual los recoge[\/vc_column_text][\/vc_column_inner][\/vc_row_inner][vc_row_inner][vc_column_inner width=\u00bb1\/5&#8243;][vc_single_image image=\u00bb1572&#8243; img_size=\u00bb\u00bb][vc_column_text css=\u00bb.vc_custom_1683510289349{padding-bottom: 15px !important;}\u00bb]Despu\u00e9s son trasladados hasta un barco que generalmente va hacia Chilo\u00e9.[\/vc_column_text][\/vc_column_inner][vc_column_inner width=\u00bb1\/5&#8243;][vc_single_image image=\u00bb1576&#8243; img_size=\u00bb\u00bb][vc_column_text css=\u00bb.vc_custom_1683510318661{padding-bottom: 15px !important;}\u00bb]En los puertos son retirados por camiones de plantas de procesos.[\/vc_column_text][\/vc_column_inner][vc_column_inner width=\u00bb1\/5&#8243;][vc_single_image image=\u00bb1577&#8243; img_size=\u00bb\u00bb][vc_column_text css=\u00bb.vc_custom_1683510357653{padding-bottom: 15px !important;}\u00bb]El Chorito es llevado hasta piscinas donde son alimentados hasta un optimo tama\u00f1o[\/vc_column_text][\/vc_column_inner][vc_column_inner width=\u00bb1\/5&#8243;][vc_single_image image=\u00bb1578&#8243; img_size=\u00bb\u00bb][vc_column_text css=\u00bb.vc_custom_1683510387429{padding-bottom: 15px !important;}\u00bb]Una vez aptos para el consumo, son desconchados y limpiados[\/vc_column_text][\/vc_column_inner][vc_column_inner width=\u00bb1\/5&#8243;][vc_single_image image=\u00bb1579&#8243; img_size=\u00bb\u00bb][vc_column_text css=\u00bb.vc_custom_1683510406588{padding-bottom: 15px !important;}\u00bb]Donde finalmente son congelados o enlatados para el consumo humano.[\/vc_column_text][\/vc_column_inner][\/vc_row_inner][\/vc_column][\/vc_row][vc_row full_width=\u00bbstretch_row_content\u00bb css=\u00bb.vc_custom_1683514408698{margin-top: 40px !important;margin-bottom: 40px !important;}\u00bb el_id=\u00bbgaleria\u00bb][vc_column][vc_row_inner][vc_column_inner width=\u00bb1\/6&#8243;][\/vc_column_inner][vc_column_inner width=\u00bb2\/3&#8243;]<div id=\"ultimate-heading-772369f282a5227cc\" class=\"uvc-heading ult-adjust-bottom-margin ultimate-heading-772369f282a5227cc uvc-4934 accent-border-color\" data-hspacer=\"line_only\"  data-halign=\"center\" style=\"text-align:center\"><div class=\"uvc-main-heading ult-responsive\"  data-ultimate-target='.uvc-heading.ultimate-heading-772369f282a5227cc h2'  data-responsive-json-new='{\"font-size\":\"desktop:34px;\",\"line-height\":\"desktop:44px;\"}' ><h2 style=\"font-weight:bold;margin-bottom:15px;\">Galer\u00eda<\/h2><\/div><div class=\"uvc-heading-spacer line_only\" style=\"margin-bottom:45px;height:3px;\"><span class=\"uvc-headings-line\" style=\"border-style:solid;border-bottom-width:3px;border-color:;width:150px;\"><\/span><\/div><\/div>[\/vc_column_inner][vc_column_inner width=\u00bb1\/6&#8243;][\/vc_column_inner][\/vc_row_inner][vc_row_inner][vc_column_inner][vc_media_grid element_width=\u00bb2&#8243; gap=\u00bb0&#8243; grid_id=\u00bbvc_gid:1710343710086-f6e432e1-eec8-3&#8243; include=\u00bb1671,1672,1674,1675,1676,1677,1678,1679,1680,1681,1682,1683,1684,1685,1687,1688,1689,1690,1691,1692,1693,1694,1695,1696,1697,1698,1699,1700,1701,1702,1703,1704,1705,1706,1707,1708&#8243;][\/vc_column_inner][\/vc_row_inner][\/vc_column][\/vc_row][vc_row full_width=\u00bbstretch_row_content_no_spaces\u00bb el_id=\u00bbvideo\u00bb][vc_column]<div id=\"ultimate-video-927869f282a5227fe\" class=\"ult-video  ult-adjust-bottom-margin ultimate-video-927869f282a5227fe ultv-4008 \"><div class=\"ultv-video ultv-aspect-ratio-16_9 ultv-subscribe-responsive-none\" data-videotype=\"uv_iframe\">\n\t\t\t\t\t\t<div class=\"ultv-video__outer-wrap\" data-autoplay=\"1\" data-device=\"false\"  data-iconbg=\"#3A3A3A\" data-overcolor=\"\" data-defaultbg=\"#1f1f1e\" data-defaultplay=\"defaulticon\"><div class=\"ultv-video__play\" data-src=\"https:\/\/www.youtube.com\/embed\/skZpz0HzyJc?autoplay=1&amp;rel=0&amp;start&amp;end&amp;controls=1&amp;mute=0&amp;modestbranding=0&amp;autoplay=1\">\n\t\t\t\t\t\t\t\t<img decoding=\"async\" class=\"ultv-video__thumb\" src=\"https:\/\/i.ytimg.com\/vi\/skZpz0HzyJc\/maxresdefault.jpg\"\/>\n\t\t\t\t\t\t\t\t<div class=\"ultv-video__play-icon  ultv-animation-none\" style=\"width:75px\"><svg height=\"100%\" version=\"1.1\" viewBox=\"0 0 68 48\" width=\"100%\"><path class=\"ultv-youtube-icon-bg\" d=\"m .66,37.62 c 0,0 .66,4.70 2.70,6.77 2.58,2.71 5.98,2.63 7.49,2.91 5.43,.52 23.10,.68 23.12,.68 .00,-1.3e-5 14.29,-0.02 23.81,-0.71 1.32,-0.15 4.22,-0.17 6.81,-2.89 2.03,-2.07 2.70,-6.77 2.70,-6.77 0,0 .67,-5.52 .67,-11.04 l 0,-5.17 c 0,-5.52 -0.67,-11.04 -0.67,-11.04 0,0 -0.66,-4.70 -2.70,-6.77 C 62.03,.86 59.13,.84 57.80,.69 48.28,0 34.00,0 34.00,0 33.97,0 19.69,0 10.18,.69 8.85,.84 5.95,.86 3.36,3.58 1.32,5.65 .66,10.35 .66,10.35 c 0,0 -0.55,4.50 -0.66,9.45 l 0,8.36 c .10,4.94 .66,9.45 .66,9.45 z\" fill=\"#1f1f1e\" ><\/path><path d=\"m 26.96,13.67 18.37,9.62 -18.37,9.55 -0.00,-19.17 z\" fill=\"#fff\"><\/path><path d=\"M 45.02,23.46 45.32,23.28 26.96,13.67 43.32,22.34 45.02,23.46 z\" fill=\"#ccc\"><\/path><\/svg><\/div> <\/div> <\/div><\/div><\/div>[\/vc_column][\/vc_row][vc_row full_width=\u00bbstretch_row\u00bb content_placement=\u00bbmiddle\u00bb css=\u00bb.vc_custom_1706105420245{margin-bottom: 0px !important;border-bottom-width: 0px !important;padding-top: 40px !important;padding-bottom: 40px !important;background-color: #f7f7f7 !important;}\u00bb][vc_column]<div id=\"ultimate-heading-92869f282a52286c\" class=\"uvc-heading ult-adjust-bottom-margin ultimate-heading-92869f282a52286c uvc-9941 accent-border-color\" data-hspacer=\"line_only\"  data-halign=\"center\" style=\"text-align:center\"><div class=\"uvc-main-heading ult-responsive\"  data-ultimate-target='.uvc-heading.ultimate-heading-92869f282a52286c h2'  data-responsive-json-new='{\"font-size\":\"desktop:24px;\",\"line-height\":\"desktop:44px;\"}' ><h2 style=\"font-weight:bold;margin-bottom:15px;\">Proyecto financiado por:<\/h2><\/div><div class=\"uvc-heading-spacer line_only\" style=\"margin-bottom:45px;height:3px;\"><span class=\"uvc-headings-line\" style=\"border-style:solid;border-bottom-width:3px;border-color:;width:150px;\"><\/span><\/div><\/div>[vc_row_inner][vc_column_inner width=\u00bb1\/3&#8243;][vc_single_image image=\u00bb1724&#8243; img_size=\u00bbfull\u00bb][\/vc_column_inner][vc_column_inner width=\u00bb1\/3&#8243;][vc_single_image image=\u00bb1722&#8243; img_size=\u00bbfull\u00bb][\/vc_column_inner][vc_column_inner width=\u00bb1\/3&#8243;][vc_single_image image=\u00bb1723&#8243; img_size=\u00bbfull\u00bb][\/vc_column_inner][\/vc_row_inner][\/vc_column][\/vc_row]<\/p>\n<\/div>","protected":false},"excerpt":{"rendered":"<p>[vc_row css=\u00bb.vc_custom_1683514379944{margin-top: 30px !important;margin-bottom: 40px !important;padding-top: 40px !important;padding-bottom: 40px !important;}\u00bb el_id=\u00bbquienes-somos\u00bb][vc_column][vc_row_inner][vc_column_inner width=\u00bb1\/6&#8243;][\/vc_column_inner][vc_column_inner width=\u00bb2\/3&#8243;][\/vc_column_inner][vc_column_inner width=\u00bb1\/6&#8243;][\/vc_column_inner][\/vc_row_inner][vc_row_inner equal_height=\u00bbyes\u00bb content_placement=\u00bbmiddle\u00bb][vc_column_inner width=\u00bb1\/2&#8243;][vc_column_text css=\u00bb.vc_custom_1683419240927{padding-bottom: 15px !important;}\u00bb] Aspiramos a convertirnos en una organizaci\u00f3n Mitilicultora que aporta a mejorar las condiciones de vida, del desarrollo integral de sus asociados y comunidades locales. Aportando a la sustentabilidad, desarrollo social, econ\u00f3mico y ambiental del territorio&hellip;<\/p>\n","protected":false},"author":1,"featured_media":0,"parent":0,"menu_order":0,"comment_status":"closed","ping_status":"closed","template":"template-microsite.php","meta":{"footnotes":""},"class_list":["post-1199","page","type-page","status-publish","hentry","description-off"],"_links":{"self":[{"href":"https:\/\/reloncavisurag.cl\/index.php\/wp-json\/wp\/v2\/pages\/1199","targetHints":{"allow":["GET"]}}],"collection":[{"href":"https:\/\/reloncavisurag.cl\/index.php\/wp-json\/wp\/v2\/pages"}],"about":[{"href":"https:\/\/reloncavisurag.cl\/index.php\/wp-json\/wp\/v2\/types\/page"}],"author":[{"embeddable":true,"href":"https:\/\/reloncavisurag.cl\/index.php\/wp-json\/wp\/v2\/users\/1"}],"replies":[{"embeddable":true,"href":"https:\/\/reloncavisurag.cl\/index.php\/wp-json\/wp\/v2\/comments?post=1199"}],"version-history":[{"count":13,"href":"https:\/\/reloncavisurag.cl\/index.php\/wp-json\/wp\/v2\/pages\/1199\/revisions"}],"predecessor-version":[{"id":1729,"href":"https:\/\/reloncavisurag.cl\/index.php\/wp-json\/wp\/v2\/pages\/1199\/revisions\/1729"}],"wp:attachment":[{"href":"https:\/\/reloncavisurag.cl\/index.php\/wp-json\/wp\/v2\/media?parent=1199"}],"curies":[{"name":"wp","href":"https:\/\/api.w.org\/{rel}","templated":true}]}}